{"id":870,"date":"2021-10-11T12:45:44","date_gmt":"2021-10-11T12:45:44","guid":{"rendered":"https:\/\/www.vakantiehuisjes-dekoog.nl\/cms\/?page_id=870"},"modified":"2021-10-11T12:59:36","modified_gmt":"2021-10-11T12:59:36","slug":"datenschutzerklaerung","status":"publish","type":"page","link":"https:\/\/www.vakantiehuisjes-dekoog.nl\/de\/datenschutzerklaerung\/","title":{"rendered":"Datenschutzerkl\u00e4rung"},"content":{"rendered":"\n<h1 class=\"has-text-align-center has-central-palette-17-color has-text-color wp-block-heading\">Datenschutzerkl\u00e4rung<\/h1>\n\n\n\n<hr class=\"wp-block-separator aligncenter has-text-color has-background has-central-palette-5-background-color has-central-palette-5-color is-style-wide\"\/>\n\n\n<style>@media only screen and (max-width: 1200px) {.gb-69f0d5fdee5f6{}}@media only screen and (max-width: 600px) {.gb-69f0d5fdee5f6{font-size: 20px!important;}}<\/style>\n<h2 class=\"gb-69f0d5fdee5f6 has-central-palette-17-color has-text-color wp-block-heading\" style=\"font-size:24px\">Kontaktdetails<\/h2>\n\n\n\n<p>Vakantiehuisjes De Koog <br>Gauke und Yvonne van Lingen<br>Mienterglop 27<br>1796 MR De Koog Texel<br>Die Niederlande<br><a href=\"tel:0031612555021\">0031612555021<\/a><br><a href=\"mailto:mi***********@***il.com\" data-original-string=\"hROV8jiuLuVOZMO2HwBDBQ==e45wllFr4uaVdiTI1rshDgWi4Rys2oBon2J+7P6Tea1gUY=\" title=\"Dieser Kontakt wurde von Anti-SPAM by Webjongens verschl\u00fcsselt. Klicken Sie hier, um ihn zu entschl\u00fcsseln. Um die Entschl\u00fcsselung abzuschlie\u00dfen, stellen Sie sicher, dass JavaScript in Ihrem Browser aktiviert ist.\"><span \n                data-original-string='RNWrPbbbMDGU1ZKzSkP0\/Q==e45UZkitODePY6yRI\/nLjMRw9sbWUfDIZLuUdT2bGQmX98='\n                class='apbct-email-encoder'\n                title='Dieser Kontakt wurde von Anti-SPAM by Webjongens verschl\u00fcsselt. Klicken Sie hier, um ihn zu entschl\u00fcsseln. Um die Entschl\u00fcsselung abzuschlie\u00dfen, stellen Sie sicher, dass JavaScript in Ihrem Browser aktiviert ist.'>mi<span class=\"apbct-blur\">***********<\/span>@<span class=\"apbct-blur\">***<\/span>il.com<\/span><\/a><strong class=\"privacy-policy-tutorial\"> <\/strong><br>Unsere Webadresse lautet: <a href=\"https:\/\/www.vakantiehuisjes-dekoog.nl\">https:\/\/www.vakantiehuisjes-dekoog.nl<\/a><\/p>\n\n\n<style>@media only screen and (max-width: 600px) {.gb-69f0d5fe01f4e{font-size: 20px!important;}}<\/style>\n<h2 class=\"gb-69f0d5fe01f4e has-central-palette-17-color has-text-color wp-block-heading\" style=\"font-size:24px\">Personenbezogene Daten, die wir verarbeiten<\/h2>\n\n\n\n<p>Wir verarbeiten Ihre personenbezogenen Daten, weil Sie unsere Dienste nutzen und\/oder uns diese selbst zur Verf\u00fcgung stellen.<br>Nachfolgend finden Sie eine \u00dcbersicht \u00fcber die von uns verarbeiteten personenbezogenen Daten:<\/p>\n\n\n\n<ul class=\"wp-block-list\"><li>Vor-und Nachname<\/li><li>Adressdaten<\/li><li>Telefonnummer<\/li><li>E-Mail-Addresse<\/li><\/ul>\n\n\n<style>@media only screen and (max-width: 600px) {.gb-69f0d5fe05ee0{font-size: 20px!important;}}<\/style>\n<h2 class=\"gb-69f0d5fe05ee0 has-central-palette-17-color has-text-color wp-block-heading\" style=\"font-size:24px\">Besondere und\/oder sensible Personenbezogene Daten, die wir verarbeiten<\/h2>\n\n\n\n<p>Unsere Website beabsichtigt nicht, Daten \u00fcber Website-Besucher zu sammeln, die j\u00fcnger als 16 Jahre sind. Es sei denn, sie haben die Erlaubnis der Eltern oder Erziehungsberechtigten. Wir k\u00f6nnen jedoch nicht \u00fcberpr\u00fcfen, ob ein Besucher \u00e4lter als 16 Jahre ist. Wir empfehlen Eltern daher, sich an den Online-Aktivit\u00e4ten ihrer Kinder zu beteiligen, um zu verhindern, dass Daten \u00fcber Kinder ohne Zustimmung der Eltern erhoben werden. Wenn Sie \u00fcberzeugt sind, dass wir ohne diese Erlaubnis personenbezogene Daten eines Minderj\u00e4hrigen gesammelt haben, kontaktieren Sie uns bitte unter <a href=\"mailto:mi***********@***il.com\" data-original-string=\"b8jd\/7DDcysfWR3EnJVnwQ==e453ZPBOLq1MMf0Kyxs0NZ44KZ8bD1huqbuAgyIkaGcj18=\" title=\"Dieser Kontakt wurde von Anti-SPAM by Webjongens verschl\u00fcsselt. Klicken Sie hier, um ihn zu entschl\u00fcsseln. Um die Entschl\u00fcsselung abzuschlie\u00dfen, stellen Sie sicher, dass JavaScript in Ihrem Browser aktiviert ist.\"><span \n                data-original-string='W34N1B2G3u5JZi5VPRmwDA==e45\/n7x9SC8rqp32u4JV9NCHHsTgjDR7+CGzMUf8+J\/\/YI='\n                class='apbct-email-encoder'\n                title='Dieser Kontakt wurde von Anti-SPAM by Webjongens verschl\u00fcsselt. Klicken Sie hier, um ihn zu entschl\u00fcsseln. Um die Entschl\u00fcsselung abzuschlie\u00dfen, stellen Sie sicher, dass JavaScript in Ihrem Browser aktiviert ist.'>mi<span class=\"apbct-blur\">***********<\/span>@<span class=\"apbct-blur\">***<\/span>il.com<\/span><\/a>, und wir werden diese Daten l\u00f6schen.<\/p>\n\n\n<style>@media only screen and (max-width: 600px) {.gb-69f0d5fe090bc{font-size: 20px!important;}}<\/style>\n<h2 class=\"gb-69f0d5fe090bc has-central-palette-17-color has-text-color wp-block-heading\" style=\"font-size:24px\">Zu welchem Zweck und auf welcher Grundlage verarbeiten wir Personenbezogene Daten<\/h2>\n\n\n\n<p>Wir verarbeiten Ihre personenbezogenen Daten zu folgenden Zwecken:<\/p>\n\n\n\n<ul class=\"wp-block-list\"><li>Eine Reservierung machen<\/li><li>Abwicklung Ihrer Zahlung<\/li><li>Um Sie bei Bedarf anrufen oder eine E-Mail senden zu k\u00f6nnen (um unsere Dienstleistungen ausf\u00fchren zu k\u00f6nnen)<\/li><li>Um Sie \u00fcber \u00c4nderungen unserer Dienstleistungen zu informieren<\/li><\/ul>\n\n\n<style>@media only screen and (max-width: 600px) {.gb-69f0d5fe0c40b{font-size: 20px!important;}}<\/style>\n<h2 class=\"gb-69f0d5fe0c40b has-central-palette-17-color has-text-color wp-block-heading\" style=\"font-size:24px\">Wie lange wir Personenbezogene Daten aufbewahren<\/h2>\n\n\n\n<p>Wir speichern Ihre personenbezogenen Daten nicht l\u00e4nger als unbedingt erforderlich, um die Zwecke zu erreichen, f\u00fcr die Ihre Daten erhoben werden. Diese bewahren wir maximal 2 Jahre auf, mit Ausnahme der Daten, f\u00fcr die im Zusammenhang mit einer l\u00e4ngeren Aufbewahrungsfrist eine l\u00e4ngere Aufbewahrungsfrist gilt. eine gesetzliche Verpflichtung.<\/p>\n\n\n<style>@media only screen and (max-width: 600px) {.gb-69f0d5fe0f5c7{font-size: 20px!important;}}<\/style>\n<h2 class=\"gb-69f0d5fe0f5c7 has-central-palette-17-color has-text-color wp-block-heading\" style=\"font-size:24px\">Teilen Personenbezogener Daten mit Dritten<\/h2>\n\n\n\n<p>Wij verkopen uw gegevens niet aan derden en verstrekken deze uitsluitend indien dWir verkaufen Ihre Daten nicht an Dritte und geben sie nur weiter, wenn dies zur Durchf\u00fchrung unserer Vereinbarung mit Ihnen oder zur Erf\u00fcllung einer gesetzlichen Verpflichtung erforderlich ist. Wir schlie\u00dfen mit Unternehmen, die Ihre Daten in unserem Auftrag verarbeiten, einen Verarbeitungsvertrag ab, um das gleiche Ma\u00df an Sicherheit und Vertraulichkeit Ihrer Daten zu gew\u00e4hrleisten. F\u00fcr diese Verarbeitungsvorg\u00e4nge bleibt  Vakantiehuisjes De Koog verantwortlich.<\/p>\n\n\n<style>@media only screen and (max-width: 600px) {.gb-69f0d5fe127eb{font-size: 20px!important;}}<\/style>\n<h2 class=\"gb-69f0d5fe127eb has-central-palette-17-color has-text-color wp-block-heading\" style=\"font-size:24px\">Cookies oder \u00e4nhliche Techniken, die wir verwenden<\/h2>\n\n\n\n<p> Vakantiehuisjes De Koog verwendet keine Cookies oder \u00e4hnliche Techniken.<\/p>\n\n\n<style>@media only screen and (max-width: 600px) {.gb-69f0d5fe1586e{font-size: 20px!important;}}<\/style>\n<h2 class=\"gb-69f0d5fe1586e has-central-palette-17-color has-text-color wp-block-heading\" style=\"font-size:24px\">Auf Daten zugreifen, anpassen oder l\u00f6schen<\/h2>\n\n\n\n<p>Sie haben das Recht, Ihre personenbezogenen Daten einzusehen, zu korrigieren oder zu l\u00f6schen. Dar\u00fcber hinaus haben Sie das Recht, Ihre Einwilligung zur Datenverarbeitung zu widerrufen oder der Verarbeitung Ihrer personenbezogenen Daten durch Vakantiehuisjes De Koog zu widersprechen.<br>Sie k\u00f6nnen einen Antrag auf Zugang, Berichtigung, L\u00f6schung Ihrer personenbezogenen Daten oder auf Widerruf Ihrer Einwilligung oder Widerspruch gegen die Verarbeitung Ihrer personenbezogenen Daten an <a href=\"mailto:mi***********@***il.com\" data-original-string=\"6rNTLPF\/lp6RUKurE3co\/w==e45udA\/wB24IdLFEhzlQVPKBETbGSm6rpjZfoQV0KVGT0g=\" title=\"Dieser Kontakt wurde von Anti-SPAM by Webjongens verschl\u00fcsselt. Klicken Sie hier, um ihn zu entschl\u00fcsseln. Um die Entschl\u00fcsselung abzuschlie\u00dfen, stellen Sie sicher, dass JavaScript in Ihrem Browser aktiviert ist.\"><span \n                data-original-string='GrbyRpazCO0OE8v7yIFekA==e452BcqHZCUWR4LUQ331Yoa3czhkiWmfGzqCiDCMR6tn90='\n                class='apbct-email-encoder'\n                title='Dieser Kontakt wurde von Anti-SPAM by Webjongens verschl\u00fcsselt. Klicken Sie hier, um ihn zu entschl\u00fcsseln. Um die Entschl\u00fcsselung abzuschlie\u00dfen, stellen Sie sicher, dass JavaScript in Ihrem Browser aktiviert ist.'>mi<span class=\"apbct-blur\">***********<\/span>@<span class=\"apbct-blur\">***<\/span>il.com<\/span><\/a> senden.<\/p>\n\n\n\n<p>Vakantiehuisjes De Koog weist auch darauf hin, dass Sie die M\u00f6glichkeit haben, eine Beschwerde bei der nationalen Aufsichtsbeh\u00f6rde, der niederl\u00e4ndischen Datenschutzbeh\u00f6rde, einzureichen. Sie k\u00f6nnen dies \u00fcber den folgenden Link tun: <a rel=\"noreferrer noopener\" href=\"https:\/\/autoriteitpersoonsgegevens.nl\/nl\/contact-met-de-autoriteit-persoonsgegevens\/tip-ons\" target=\"_blank\">https:\/\/autoriteitpersoonsgegevens.nl\/nl\/contact-met-de-autoriteit-persoonsgegevens\/tip-ons<\/a>.<\/p>\n\n\n<style>@media only screen and (max-width: 600px) {.gb-69f0d5fe18b38{font-size: 20px!important;}}<\/style>\n<h2 class=\"gb-69f0d5fe18b38 has-central-palette-17-color has-text-color wp-block-heading\" style=\"font-size:24px\">Wie wir Personenbezogene Daten sichern<\/h2>\n\n\n\n<p>Vakantiehuisjes De Koog nimmt den Schutz Ihrer Daten ernst und ergreift geeignete Ma\u00dfnahmen, um Missbrauch, Verlust, unbefugten Zugriff, ungewollte Offenlegung und unbefugte \u00c4nderungen zu verhindern. Sollten Sie den Eindruck haben, dass Ihre Daten nicht ordnungsgem\u00e4\u00df gesichert sind oder Hinweise auf Missbrauch vorliegen, kontaktieren Sie uns bitte unter <a href=\"mailto:mi***********@***il.com\" data-original-string=\"6OIkYcA\/K8ZC0kNeQnoddQ==e45NL3Ejcy18ZDTCC+GnU6+nSz4fRljlOzwbnXopjDbdtM=\" title=\"Dieser Kontakt wurde von Anti-SPAM by Webjongens verschl\u00fcsselt. Klicken Sie hier, um ihn zu entschl\u00fcsseln. Um die Entschl\u00fcsselung abzuschlie\u00dfen, stellen Sie sicher, dass JavaScript in Ihrem Browser aktiviert ist.\"><span \n                data-original-string='b2a\/6vLU\/aVyaqQAdF80Gw==e45UXzMMzJC+Cty6PiraboCVwmPdwf7XpcL6C9I\/tNqyyk='\n                class='apbct-email-encoder'\n                title='Dieser Kontakt wurde von Anti-SPAM by Webjongens verschl\u00fcsselt. Klicken Sie hier, um ihn zu entschl\u00fcsseln. Um die Entschl\u00fcsselung abzuschlie\u00dfen, stellen Sie sicher, dass JavaScript in Ihrem Browser aktiviert ist.'>mi<span class=\"apbct-blur\">***********<\/span>@<span class=\"apbct-blur\">***<\/span>il.com<\/span><\/a>.<\/p>\n","protected":false},"excerpt":{"rendered":"<p>Datenschutzerkl\u00e4rung Kontaktdetails Vakantiehuisjes De Koog Gauke und Yvonne van LingenMienterglop 271796 MR De Koog TexelDie Niederlande0031612555021mi***********@***il.com Unsere Webadresse lautet: https:\/\/www.vakantiehuisjes-dekoog.nl Personenbezogene Daten, die wir verarbeiten Wir verarbeiten Ihre personenbezogenen Daten, weil Sie unsere Dienste nutzen und\/oder uns diese selbst zur Verf\u00fcgung stellen.Nachfolgend finden Sie eine \u00dcbersicht \u00fcber die von uns verarbeiteten personenbezogenen Daten: Vor-und Nachname [&hellip;]<\/p>\n","protected":false},"author":3,"featured_media":0,"parent":0,"menu_order":0,"comment_status":"closed","ping_status":"open","template":"","meta":{"_seopress_robots_primary_cat":"","_seopress_titles_title":"","_seopress_titles_desc":"","_seopress_robots_index":"","_genesis_hide_title":true,"_genesis_hide_breadcrumbs":false,"_genesis_hide_singular_image":false,"_genesis_hide_footer_widgets":false,"_genesis_custom_body_class":"","_genesis_custom_post_class":"","_genesis_layout":"","_joinchat":[],"footnotes":""},"class_list":{"0":"post-870","1":"page","2":"type-page","3":"status-publish","5":"entry"},"featured_image_src":null,"featured_image_src_square":null,"_links":{"self":[{"href":"https:\/\/www.vakantiehuisjes-dekoog.nl\/de\/wp-json\/wp\/v2\/pages\/870","targetHints":{"allow":["GET"]}}],"collection":[{"href":"https:\/\/www.vakantiehuisjes-dekoog.nl\/de\/wp-json\/wp\/v2\/pages"}],"about":[{"href":"https:\/\/www.vakantiehuisjes-dekoog.nl\/de\/wp-json\/wp\/v2\/types\/page"}],"author":[{"embeddable":true,"href":"https:\/\/www.vakantiehuisjes-dekoog.nl\/de\/wp-json\/wp\/v2\/users\/3"}],"replies":[{"embeddable":true,"href":"https:\/\/www.vakantiehuisjes-dekoog.nl\/de\/wp-json\/wp\/v2\/comments?post=870"}],"version-history":[{"count":0,"href":"https:\/\/www.vakantiehuisjes-dekoog.nl\/de\/wp-json\/wp\/v2\/pages\/870\/revisions"}],"wp:attachment":[{"href":"https:\/\/www.vakantiehuisjes-dekoog.nl\/de\/wp-json\/wp\/v2\/media?parent=870"}],"curies":[{"name":"wp","href":"https:\/\/api.w.org\/{rel}","templated":true}]}}

Datenschutzerklärung

<h1 class="has-text-align-center has-central-palette-17-color has-text-color wp-block-heading">Datenschutzerklärung</h1>



<hr class="wp-block-separator aligncenter has-text-color has-background has-central-palette-5-background-color has-central-palette-5-color is-style-wide"/>


<style>@media only screen and (max-width: 1200px) {.gb-69f0d5fdee5f6{}}@media only screen and (max-width: 600px) {.gb-69f0d5fdee5f6{font-size: 20px!important;}}</style>
<h2 class="gb-69f0d5fdee5f6 has-central-palette-17-color has-text-color wp-block-heading" style="font-size:24px">Kontaktdetails</h2>



<p>Vakantiehuisjes De Koog <br>Gauke und Yvonne van Lingen<br>Mienterglop 27<br>1796 MR De Koog Texel<br>Die Niederlande<br><a href="tel:0031612555021">0031612555021</a><br><a href="mailto:mi***********@***il.com" data-original-string="hROV8jiuLuVOZMO2HwBDBQ==e45wllFr4uaVdiTI1rshDgWi4Rys2oBon2J+7P6Tea1gUY=" title="Dieser Kontakt wurde von Anti-SPAM by Webjongens verschlüsselt. Klicken Sie hier, um ihn zu entschlüsseln. Um die Entschlüsselung abzuschließen, stellen Sie sicher, dass JavaScript in Ihrem Browser aktiviert ist."><span 
                data-original-string='RNWrPbbbMDGU1ZKzSkP0/Q==e45UZkitODePY6yRI/nLjMRw9sbWUfDIZLuUdT2bGQmX98='
                class='apbct-email-encoder'
                title='Dieser Kontakt wurde von Anti-SPAM by Webjongens verschlüsselt. Klicken Sie hier, um ihn zu entschlüsseln. Um die Entschlüsselung abzuschließen, stellen Sie sicher, dass JavaScript in Ihrem Browser aktiviert ist.'>mi<span class="apbct-blur">***********</span>@<span class="apbct-blur">***</span>il.com</span></a><strong class="privacy-policy-tutorial"> </strong><br>Unsere Webadresse lautet: <a href="https://www.vakantiehuisjes-dekoog.nl">https://www.vakantiehuisjes-dekoog.nl</a></p>


<style>@media only screen and (max-width: 600px) {.gb-69f0d5fe01f4e{font-size: 20px!important;}}</style>
<h2 class="gb-69f0d5fe01f4e has-central-palette-17-color has-text-color wp-block-heading" style="font-size:24px">Personenbezogene Daten, die wir verarbeiten</h2>



<p>Wir verarbeiten Ihre personenbezogenen Daten, weil Sie unsere Dienste nutzen und/oder uns diese selbst zur Verfügung stellen.<br>Nachfolgend finden Sie eine Übersicht über die von uns verarbeiteten personenbezogenen Daten:</p>



<ul class="wp-block-list"><li>Vor-und Nachname</li><li>Adressdaten</li><li>Telefonnummer</li><li>E-Mail-Addresse</li></ul>


<style>@media only screen and (max-width: 600px) {.gb-69f0d5fe05ee0{font-size: 20px!important;}}</style>
<h2 class="gb-69f0d5fe05ee0 has-central-palette-17-color has-text-color wp-block-heading" style="font-size:24px">Besondere und/oder sensible Personenbezogene Daten, die wir verarbeiten</h2>



<p>Unsere Website beabsichtigt nicht, Daten über Website-Besucher zu sammeln, die jünger als 16 Jahre sind. Es sei denn, sie haben die Erlaubnis der Eltern oder Erziehungsberechtigten. Wir können jedoch nicht überprüfen, ob ein Besucher älter als 16 Jahre ist. Wir empfehlen Eltern daher, sich an den Online-Aktivitäten ihrer Kinder zu beteiligen, um zu verhindern, dass Daten über Kinder ohne Zustimmung der Eltern erhoben werden. Wenn Sie überzeugt sind, dass wir ohne diese Erlaubnis personenbezogene Daten eines Minderjährigen gesammelt haben, kontaktieren Sie uns bitte unter <a href="mailto:mi***********@***il.com" data-original-string="b8jd/7DDcysfWR3EnJVnwQ==e453ZPBOLq1MMf0Kyxs0NZ44KZ8bD1huqbuAgyIkaGcj18=" title="Dieser Kontakt wurde von Anti-SPAM by Webjongens verschlüsselt. Klicken Sie hier, um ihn zu entschlüsseln. Um die Entschlüsselung abzuschließen, stellen Sie sicher, dass JavaScript in Ihrem Browser aktiviert ist."><span 
                data-original-string='W34N1B2G3u5JZi5VPRmwDA==e45/n7x9SC8rqp32u4JV9NCHHsTgjDR7+CGzMUf8+J//YI='
                class='apbct-email-encoder'
                title='Dieser Kontakt wurde von Anti-SPAM by Webjongens verschlüsselt. Klicken Sie hier, um ihn zu entschlüsseln. Um die Entschlüsselung abzuschließen, stellen Sie sicher, dass JavaScript in Ihrem Browser aktiviert ist.'>mi<span class="apbct-blur">***********</span>@<span class="apbct-blur">***</span>il.com</span></a>, und wir werden diese Daten löschen.</p>


<style>@media only screen and (max-width: 600px) {.gb-69f0d5fe090bc{font-size: 20px!important;}}</style>
<h2 class="gb-69f0d5fe090bc has-central-palette-17-color has-text-color wp-block-heading" style="font-size:24px">Zu welchem Zweck und auf welcher Grundlage verarbeiten wir Personenbezogene Daten</h2>



<p>Wir verarbeiten Ihre personenbezogenen Daten zu folgenden Zwecken:</p>



<ul class="wp-block-list"><li>Eine Reservierung machen</li><li>Abwicklung Ihrer Zahlung</li><li>Um Sie bei Bedarf anrufen oder eine E-Mail senden zu können (um unsere Dienstleistungen ausführen zu können)</li><li>Um Sie über Änderungen unserer Dienstleistungen zu informieren</li></ul>


<style>@media only screen and (max-width: 600px) {.gb-69f0d5fe0c40b{font-size: 20px!important;}}</style>
<h2 class="gb-69f0d5fe0c40b has-central-palette-17-color has-text-color wp-block-heading" style="font-size:24px">Wie lange wir Personenbezogene Daten aufbewahren</h2>



<p>Wir speichern Ihre personenbezogenen Daten nicht länger als unbedingt erforderlich, um die Zwecke zu erreichen, für die Ihre Daten erhoben werden. Diese bewahren wir maximal 2 Jahre auf, mit Ausnahme der Daten, für die im Zusammenhang mit einer längeren Aufbewahrungsfrist eine längere Aufbewahrungsfrist gilt. eine gesetzliche Verpflichtung.</p>


<style>@media only screen and (max-width: 600px) {.gb-69f0d5fe0f5c7{font-size: 20px!important;}}</style>
<h2 class="gb-69f0d5fe0f5c7 has-central-palette-17-color has-text-color wp-block-heading" style="font-size:24px">Teilen Personenbezogener Daten mit Dritten</h2>



<p>Wij verkopen uw gegevens niet aan derden en verstrekken deze uitsluitend indien dWir verkaufen Ihre Daten nicht an Dritte und geben sie nur weiter, wenn dies zur Durchführung unserer Vereinbarung mit Ihnen oder zur Erfüllung einer gesetzlichen Verpflichtung erforderlich ist. Wir schließen mit Unternehmen, die Ihre Daten in unserem Auftrag verarbeiten, einen Verarbeitungsvertrag ab, um das gleiche Maß an Sicherheit und Vertraulichkeit Ihrer Daten zu gewährleisten. Für diese Verarbeitungsvorgänge bleibt  Vakantiehuisjes De Koog verantwortlich.</p>


<style>@media only screen and (max-width: 600px) {.gb-69f0d5fe127eb{font-size: 20px!important;}}</style>
<h2 class="gb-69f0d5fe127eb has-central-palette-17-color has-text-color wp-block-heading" style="font-size:24px">Cookies oder änhliche Techniken, die wir verwenden</h2>



<p> Vakantiehuisjes De Koog verwendet keine Cookies oder ähnliche Techniken.</p>


<style>@media only screen and (max-width: 600px) {.gb-69f0d5fe1586e{font-size: 20px!important;}}</style>
<h2 class="gb-69f0d5fe1586e has-central-palette-17-color has-text-color wp-block-heading" style="font-size:24px">Auf Daten zugreifen, anpassen oder löschen</h2>



<p>Sie haben das Recht, Ihre personenbezogenen Daten einzusehen, zu korrigieren oder zu löschen. Darüber hinaus haben Sie das Recht, Ihre Einwilligung zur Datenverarbeitung zu widerrufen oder der Verarbeitung Ihrer personenbezogenen Daten durch Vakantiehuisjes De Koog zu widersprechen.<br>Sie können einen Antrag auf Zugang, Berichtigung, Löschung Ihrer personenbezogenen Daten oder auf Widerruf Ihrer Einwilligung oder Widerspruch gegen die Verarbeitung Ihrer personenbezogenen Daten an <a href="mailto:mi***********@***il.com" data-original-string="6rNTLPF/lp6RUKurE3co/w==e45udA/wB24IdLFEhzlQVPKBETbGSm6rpjZfoQV0KVGT0g=" title="Dieser Kontakt wurde von Anti-SPAM by Webjongens verschlüsselt. Klicken Sie hier, um ihn zu entschlüsseln. Um die Entschlüsselung abzuschließen, stellen Sie sicher, dass JavaScript in Ihrem Browser aktiviert ist."><span 
                data-original-string='GrbyRpazCO0OE8v7yIFekA==e452BcqHZCUWR4LUQ331Yoa3czhkiWmfGzqCiDCMR6tn90='
                class='apbct-email-encoder'
                title='Dieser Kontakt wurde von Anti-SPAM by Webjongens verschlüsselt. Klicken Sie hier, um ihn zu entschlüsseln. Um die Entschlüsselung abzuschließen, stellen Sie sicher, dass JavaScript in Ihrem Browser aktiviert ist.'>mi<span class="apbct-blur">***********</span>@<span class="apbct-blur">***</span>il.com</span></a> senden.</p>



<p>Vakantiehuisjes De Koog weist auch darauf hin, dass Sie die Möglichkeit haben, eine Beschwerde bei der nationalen Aufsichtsbehörde, der niederländischen Datenschutzbehörde, einzureichen. Sie können dies über den folgenden Link tun: <a rel="noreferrer noopener" href="https://autoriteitpersoonsgegevens.nl/nl/contact-met-de-autoriteit-persoonsgegevens/tip-ons" target="_blank">https://autoriteitpersoonsgegevens.nl/nl/contact-met-de-autoriteit-persoonsgegevens/tip-ons</a>.</p>


<style>@media only screen and (max-width: 600px) {.gb-69f0d5fe18b38{font-size: 20px!important;}}</style>
<h2 class="gb-69f0d5fe18b38 has-central-palette-17-color has-text-color wp-block-heading" style="font-size:24px">Wie wir Personenbezogene Daten sichern</h2>



<p>Vakantiehuisjes De Koog nimmt den Schutz Ihrer Daten ernst und ergreift geeignete Maßnahmen, um Missbrauch, Verlust, unbefugten Zugriff, ungewollte Offenlegung und unbefugte Änderungen zu verhindern. Sollten Sie den Eindruck haben, dass Ihre Daten nicht ordnungsgemäß gesichert sind oder Hinweise auf Missbrauch vorliegen, kontaktieren Sie uns bitte unter <a href="mailto:mi***********@***il.com" data-original-string="6OIkYcA/K8ZC0kNeQnoddQ==e45NL3Ejcy18ZDTCC+GnU6+nSz4fRljlOzwbnXopjDbdtM=" title="Dieser Kontakt wurde von Anti-SPAM by Webjongens verschlüsselt. Klicken Sie hier, um ihn zu entschlüsseln. Um die Entschlüsselung abzuschließen, stellen Sie sicher, dass JavaScript in Ihrem Browser aktiviert ist."><span 
                data-original-string='b2a/6vLU/aVyaqQAdF80Gw==e45UXzMMzJC+Cty6PiraboCVwmPdwf7XpcL6C9I/tNqyyk='
                class='apbct-email-encoder'
                title='Dieser Kontakt wurde von Anti-SPAM by Webjongens verschlüsselt. Klicken Sie hier, um ihn zu entschlüsseln. Um die Entschlüsselung abzuschließen, stellen Sie sicher, dass JavaScript in Ihrem Browser aktiviert ist.'>mi<span class="apbct-blur">***********</span>@<span class="apbct-blur">***</span>il.com</span></a>.</p>

<p>Datenschutzerklärung Kontaktdetails Vakantiehuisjes De Koog Gauke und Yvonne van LingenMienterglop 271796 MR De Koog TexelDie Niederlande0031612555021mi***********@***il.com Unsere Webadresse lautet: https://www.vakantiehuisjes-dekoog.nl Personenbezogene Daten, die wir verarbeiten Wir verarbeiten Ihre personenbezogenen Daten, weil Sie unsere Dienste nutzen und/oder uns diese selbst zur Verfügung stellen.Nachfolgend finden Sie eine Übersicht über die von uns verarbeiteten personenbezogenen Daten: Vor-und Nachname [&hellip;]</p>
